{"id":21849,"date":"2021-07-05T13:14:47","date_gmt":"2021-07-05T13:14:47","guid":{"rendered":"https:\/\/santosdacunha.com\/lojalubrificantes\/?page_id=21849"},"modified":"2025-07-19T06:40:41","modified_gmt":"2025-07-19T06:40:41","slug":"encomendas","status":"publish","type":"page","link":"https:\/\/santosdacunha.com\/lojalubrificantes\/encomendas\/","title":{"rendered":"Encomendas"},"content":{"rendered":"<p>[vc_row][vc_column width=&#8221;1\/3&#8243;][\/vc_column][vc_column width=&#8221;1\/3&#8243;][dfd_spacer screen_wide_spacer_size=&#8221;100&#8243; screen_normal_resolution=&#8221;1024&#8243; screen_tablet_resolution=&#8221;800&#8243; screen_mobile_resolution=&#8221;480&#8243; screen_mobile_spacer_size=&#8221;10&#8243;][dfd_heading subtitle=&#8221;&#8221; content_alignment=&#8221;text-left&#8221; enable_delimiter=&#8221;&#8221; undefined=&#8221;&#8221; title_font_options=&#8221;tag:h2|font_size:20|line_height:25&#8243; subtitle_font_options=&#8221;tag:div&#8221;]Encomendas[\/dfd_heading][dfd_spacer screen_wide_spacer_size=&#8221;20&#8243; screen_normal_resolution=&#8221;1024&#8243; screen_tablet_resolution=&#8221;800&#8243; screen_mobile_resolution=&#8221;480&#8243;][dfd_user_form input_background=&#8221;#ffffff&#8221; hover_style_input=&#8221;simple&#8221; show_label_text=&#8221;on&#8221; horiz_margin_btw_inputs=&#8221;10&#8243; button_border_width=&#8221;1&#8243; button_border_color=&#8221;#474747&#8243; button_border_color_on_hover=&#8221;#f7d73a&#8221; button_border_style=&#8221;solid&#8221; button_border_radius=&#8221;0&#8243; button_backgrond=&#8221;#ffffff&#8221; hover_button_backgrond=&#8221;#ffffff&#8221; button_color_text=&#8221;#afafaf&#8221; button_hover_color_text=&#8221;#f7d73a&#8221; btn_message=&#8221;ENVIAR MENSAGEM&#8221; btn_width=&#8221;dfd-third-size&#8221; use_recaptcha=&#8221;yes&#8221; recaptcha_publickey=&#8221;6Lc1E4UUAAAAAED6vKRtXubw1sU2BUY0UScpzWfb&#8221; recaptcha_privatekey=&#8221;6Lc1E4UUAAAAAAVX_UmvZyqQUYon2xQE7xPY6Gsf&#8221; email_to=&#8221;geral@art4youportugal.com, ruicoelho@santosdacunha.com&#8221; email_subject=&#8221;Encomenda&#8221; use_custom_layout=&#8221;on&#8221; layout_builder=&#8221;{1+}{&#8220;name&#8220;:&#8220;&#8220;,&#8220;presets&#8220;:{1+}{&#8220;name&#8220;:&#8220;col1&#8220;}{+1}},{&#8220;name&#8220;:&#8220;&#8220;,&#8220;presets&#8220;:{1+}{&#8220;name&#8220;:&#8220;add_col&#8220;}{+1}},{&#8220;name&#8220;:&#8220;&#8220;,&#8220;presets&#8220;:{1+}{&#8220;name&#8220;:&#8220;add_col&#8220;}{+1}},{&#8220;name&#8220;:&#8220;&#8220;,&#8220;presets&#8220;:{1+}{&#8220;name&#8220;:&#8220;add_col&#8220;}{+1}},{&#8220;name&#8220;:&#8220;&#8220;,&#8220;presets&#8220;:{1+}{&#8220;name&#8220;:&#8220;add_col&#8220;}{+1}},{&#8220;name&#8220;:&#8220;&#8220;,&#8220;presets&#8220;:{1+}{&#8220;name&#8220;:&#8220;add_col&#8220;}{+1}},{&#8220;name&#8220;:&#8220;&#8220;,&#8220;presets&#8220;:{1+}{&#8220;name&#8220;:&#8220;add_col&#8220;}{+1}},{&#8220;name&#8220;:&#8220;&#8220;,&#8220;presets&#8220;:{1+}{&#8220;name&#8220;:&#8220;add_col&#8220;}{+1}},{&#8220;name&#8220;:&#8220;&#8220;,&#8220;presets&#8220;:{1+}{&#8220;name&#8220;:&#8220;add_col&#8220;}{+1}}{+1}&#8221; custom_template=&#8221;{&#8220;0-1&#8220;:{&#8220;radio_name&#8220;:{&#8220;options&#8220;:&#8220; Autorizo a comunica\u00e7\u00e3o e utiliza\u00e7\u00e3o dos meus dados para a\u00e7\u00f5es de marketing da empresa Coboleo Distribui\u00e7\u00e3o de Combust\u00edveis e Lubrificantes, Lda..&#8220;}},&#8220;4-1&#8220;:{&#8220;text_name&#8220;:{&#8220;name&#8220;:&#8220;Produto*&#8220;}},&#8220;6-1&#8220;:{&#8220;radio_name&#8220;:{&#8220;options&#8220;:&#8220;Levantamento nas nossas instala\u00e7\u00f5es &#8220;}},&#8220;7-1&#8220;:{&#8220;radio_name&#8220;:{&#8220;options&#8220;:&#8220;Entrega ao domic\u00edlio&#8220;}},&#8220;8-1&#8220;:{&#8220;acceptance&#8220;:{&#8220;name&#8220;:&#8220;*O pagamento dos produtos ser\u00e1 sempre efetuado na entrega dos mesmos. No caso de entrega ao domic\u00edlio acresce o valor dos portes de envio.&#8220;,&#8220;checkthis-1&#8220;:&#8220;1&#8220;}},&#8220;9-1&#8220;:{&#8220;radio_name&#8220;:{&#8220;options&#8220;:&#8220; Autorizo a comunica\u00e7\u00e3o e utiliza\u00e7\u00e3o dos meus dados para a\u00e7\u00f5es de marketing da empresa Coboleo Distribui\u00e7\u00e3o de Combust\u00edveis e Lubrificantes, Lda..&#8220;}},&#8220;1-1&#8220;:{&#8220;text_name&#8220;:{&#8220;name&#8220;:&#8220;Nome*&#8220;,&#8220;required-1&#8220;:&#8220;1&#8220;}},&#8220;2-1&#8220;:{&#8220;telephone&#8220;:{&#8220;required-1&#8220;:&#8220;1&#8220;,&#8220;name&#8220;:&#8220;Contacto*&#8220;}},&#8220;3-1&#8220;:{&#8220;email&#8220;:{&#8220;name&#8220;:&#8220;Email*&#8220;}},&#8220;5-1&#8220;:{&#8220;text_name&#8220;:{&#8220;name&#8220;:&#8220;Quantidade*&#8220;,&#8220;required-1&#8220;:&#8220;1&#8220;,&#8220;akismet_comment_author-1&#8220;:&#8220;1&#8220;}}}&#8221; borderwidth=&#8221;1&#8243; use_google_fonts_input=&#8221;yes&#8221; custom_fonts_input=&#8221;font_family:Open%20Sans%3A300%2C300italic%2Cregular%2Citalic%2C600%2C600italic%2C700%2C700italic%2C800%2C800italic|font_style:400%20regular%3A400%3Anormal&#8221;]De: <span id=\"available_fields_for_builder\">{{text_name-1-1}}<\/span><span id=\"available_fields_for_builder\"><br \/>\nContacto: {{telephone-2-1}}<br \/>\nEmail: {{email-3-1}}<br \/>\nProduto: {{text_name-4-1}}<br \/>\nQuantidade: {{text_name-5-1}}<br \/>\n{{radio_name-6-1}}<br \/>\n{{radio_name-7-1}}<br \/>\n{{radio_name-9-1}}<br \/>\n<\/span><\/p>\n<p>Esta mensagem foi enviada atrav\u00e9s do site Loja Lubrificantes &#8211; Coboleo Distribui\u00e7\u00e3o de Combust\u00edveis e Lubrificantes, Lda..[\/dfd_user_form][dfd_spacer screen_wide_spacer_size=&#8221;50&#8243; screen_normal_resolution=&#8221;1024&#8243; screen_tablet_resolution=&#8221;800&#8243; screen_mobile_resolution=&#8221;480&#8243;][\/vc_column][vc_column width=&#8221;1\/3&#8243;][\/vc_column][\/vc_row]<\/p>\n","protected":false},"excerpt":{"rendered":"<p>[vc_row][vc_column width=&#8221;1\/3&#8243;][\/vc_column][vc_column width=&#8221;1\/3&#8243;][dfd_spacer screen_wide_spacer_size=&#8221;100&#8243; screen_normal_resolution=&#8221;1024&#8243; screen_tablet_resolution=&#8221;800&#8243; screen_mobile_resolution=&#8221;480&#8243; screen_mobile_spacer_size=&#8221;10&#8243;][dfd_heading subtitle=&#8221;&#8221; content_alignment=&#8221;text-left&#8221; enable_delimiter=&#8221;&#8221; undefined=&#8221;&#8221; title_font_options=&#8221;tag:h2|font_size:20|line_height:25&#8243; subtitle_font_options=&#8221;tag:div&#8221;]Encomendas[\/dfd_heading][dfd_spacer screen_wide_spacer_size=&#8221;20&#8243; screen_normal_resolution=&#8221;1024&#8243; screen_tablet_resolution=&#8221;800&#8243; screen_mobile_resolution=&#8221;480&#8243;][dfd_user_form input_background=&#8221;#ffffff&#8221; hover_style_input=&#8221;simple&#8221; show_label_text=&#8221;on&#8221; horiz_margin_btw_inputs=&#8221;10&#8243; button_border_width=&#8221;1&#8243; button_border_color=&#8221;#474747&#8243; button_border_color_on_hover=&#8221;#f7d73a&#8221; button_border_style=&#8221;solid&#8221; button_border_radius=&#8221;0&#8243; button_backgrond=&#8221;#ffffff&#8221; hover_button_backgrond=&#8221;#ffffff&#8221; button_color_text=&#8221;#afafaf&#8221;<\/p>\n","protected":false},"author":1,"featured_media":0,"parent":0,"menu_order":0,"comment_status":"closed","ping_status":"closed","template":"","meta":{"footnotes":""},"class_list":["post-21849","page","type-page","status-publish","hentry"],"_links":{"self":[{"href":"https:\/\/santosdacunha.com\/lojalubrificantes\/wp-json\/wp\/v2\/pages\/21849","targetHints":{"allow":["GET"]}}],"collection":[{"href":"https:\/\/santosdacunha.com\/lojalubrificantes\/wp-json\/wp\/v2\/pages"}],"about":[{"href":"https:\/\/santosdacunha.com\/lojalubrificantes\/wp-json\/wp\/v2\/types\/page"}],"author":[{"embeddable":true,"href":"https:\/\/santosdacunha.com\/lojalubrificantes\/wp-json\/wp\/v2\/users\/1"}],"replies":[{"embeddable":true,"href":"https:\/\/santosdacunha.com\/lojalubrificantes\/wp-json\/wp\/v2\/comments?post=21849"}],"version-history":[{"count":7,"href":"https:\/\/santosdacunha.com\/lojalubrificantes\/wp-json\/wp\/v2\/pages\/21849\/revisions"}],"predecessor-version":[{"id":22064,"href":"https:\/\/santosdacunha.com\/lojalubrificantes\/wp-json\/wp\/v2\/pages\/21849\/revisions\/22064"}],"wp:attachment":[{"href":"https:\/\/santosdacunha.com\/lojalubrificantes\/wp-json\/wp\/v2\/media?parent=21849"}],"curies":[{"name":"wp","href":"https:\/\/api.w.org\/{rel}","templated":true}]}}