{"id":21349,"date":"2021-06-20T15:53:39","date_gmt":"2021-06-20T15:53:39","guid":{"rendered":"https:\/\/santosdacunha.com\/lojalubrificantes\/?post_type=product&#038;p=21349"},"modified":"2025-07-17T16:54:37","modified_gmt":"2025-07-17T16:54:37","slug":"galp-transvex-tdl-80w90-5-lt","status":"publish","type":"product","link":"https:\/\/santosdacunha.com\/lojalubrificantes\/produto\/galp-transvex-tdl-80w90-5-lt\/","title":{"rendered":"Galp Transvex TDL 80W90 5 Lt"},"content":{"rendered":"<p>Galp Transvex TDL 80W90 5 Lt<\/p>\n<p>Lubrificante mineral, incorporando a mais avan\u00e7ada tecnologia de aditiva\u00e7\u00e3o, especialmente desenvolvido para a lubrifica\u00e7\u00e3o de caixas de velocidade manuais, sincronizadas e n\u00e3o sincronizadas, e diferenciais incluindo os hip\u00f3ides. Apresenta caracter\u00edsticas de estabilidade t\u00e9rmica e limpeza excecionais, adequadas a condi\u00e7\u00f5es de utiliza\u00e7\u00e3o severa e sujeitas a elevadas temperaturas.<\/p>\n","protected":false},"excerpt":{"rendered":"<p>Galp Transvex TDL 80W90 5 Lt Lubrificante mineral, incorporando a mais avan\u00e7ada tecnologia de aditiva\u00e7\u00e3o, especialmente desenvolvido para a lubrifica\u00e7\u00e3o de caixas de velocidade manuais, sincronizadas e n\u00e3o sincronizadas, e<\/p>\n","protected":false},"featured_media":21350,"comment_status":"closed","ping_status":"closed","template":"","meta":[],"product_brand":[],"product_cat":[28,33,27],"product_tag":[],"class_list":{"0":"post-21349","1":"product","2":"type-product","3":"status-publish","4":"has-post-thumbnail","6":"product_cat-caixas-de-velocidades","7":"product_cat-lubrificantes","8":"product_cat-transmissoes","10":"first","11":"instock","12":"taxable","13":"shipping-taxable","14":"purchasable","15":"product-type-simple"},"_links":{"self":[{"href":"https:\/\/santosdacunha.com\/lojalubrificantes\/wp-json\/wp\/v2\/product\/21349","targetHints":{"allow":["GET"]}}],"collection":[{"href":"https:\/\/santosdacunha.com\/lojalubrificantes\/wp-json\/wp\/v2\/product"}],"about":[{"href":"https:\/\/santosdacunha.com\/lojalubrificantes\/wp-json\/wp\/v2\/types\/product"}],"replies":[{"embeddable":true,"href":"https:\/\/santosdacunha.com\/lojalubrificantes\/wp-json\/wp\/v2\/comments?post=21349"}],"wp:featuredmedia":[{"embeddable":true,"href":"https:\/\/santosdacunha.com\/lojalubrificantes\/wp-json\/wp\/v2\/media\/21350"}],"wp:attachment":[{"href":"https:\/\/santosdacunha.com\/lojalubrificantes\/wp-json\/wp\/v2\/media?parent=21349"}],"wp:term":[{"taxonomy":"product_brand","embeddable":true,"href":"https:\/\/santosdacunha.com\/lojalubrificantes\/wp-json\/wp\/v2\/product_brand?post=21349"},{"taxonomy":"product_cat","embeddable":true,"href":"https:\/\/santosdacunha.com\/lojalubrificantes\/wp-json\/wp\/v2\/product_cat?post=21349"},{"taxonomy":"product_tag","embeddable":true,"href":"https:\/\/santosdacunha.com\/lojalubrificantes\/wp-json\/wp\/v2\/product_tag?post=21349"}],"curies":[{"name":"wp","href":"https:\/\/api.w.org\/{rel}","templated":true}]}}