{"id":21491,"date":"2021-06-24T09:39:16","date_gmt":"2021-06-24T09:39:16","guid":{"rendered":"https:\/\/santosdacunha.com\/lojalubrificantes\/?post_type=product&#038;p=21491"},"modified":"2025-07-17T16:41:29","modified_gmt":"2025-07-17T16:41:29","slug":"galp-formula-ls-fe-5w30-1lt","status":"publish","type":"product","link":"https:\/\/santosdacunha.com\/lojalubrificantes\/produto\/galp-formula-ls-fe-5w30-1lt\/","title":{"rendered":"Galp Formula LS FE 5W30 1 Lt"},"content":{"rendered":"<p>Galp Formula LS FE 5W30 1 Lt<\/p>\n<p>Lubrificante 100% sint\u00e9tico, mid-SAPS (teor reduzido em Cinzas Sulfatadas, F\u00f3sforo e Enxofre), destinado a motores de ve\u00edculos ligeiros a gasolina e diesel, em particular, os equipados com sistemas de reten\u00e7\u00e3o de part\u00edculas nocivas para o meio ambiente (Filtros de Part\u00edculas (DPF), sistemas de redu\u00e7\u00e3o de \u00f3xidos de azoto (SCR-NOx), entre outros). A sua formula\u00e7\u00e3o desenvolvida com aditivos tecnologicamente avan\u00e7ados permite cumprir em simult\u00e2neo os requisitos das categorias ACEA C2 e C3. O n\u00edvel ACEA C2, certifica que este lubrificante tem propriedades Fuel Economy: Quando comparado com um produto com gradua\u00e7\u00e3o 15W40, a sua utiliza\u00e7\u00e3o permite poupan\u00e7as de combust\u00edvel superiores a 2,5%. \u00c9 igualmente adequado para ve\u00edculos do grupo General Motors e Daimler Chrysler: Cumpre a performance das normas GM dexos2 e MB 229.51.<\/p>\n<p>&nbsp;<\/p>\n<p>Galp, o seu especialista em lubrifica\u00e7\u0101o.<\/p>\n<p>&nbsp;<\/p>\n<p>Os avan\u00e7os tecnol\u00f3gicos mais recentes no setor autom\u00f3vel permitiram desenvolver motores com menor consumo de combust\u00edvel, menores emiss\u00f5es de gases de escape e o alargamento dos intervalos entre manuten\u00e7\u00f5es. A redu\u00e7\u00e3o do n\u00edvel de emiss\u00f5es deve-se maioritariamente a introdu\u00e7\u00e3o de sistemas de p\u00f3s-tratamento (aftertreatment), tais como: catalisadores e filtros de part\u00edculas, cuja finalidade \u00e9 reter parte das part\u00edculas e gases nocivos que seriam, sem estes sistemas, emitidos pelo escape do veiculo. Estes equipamentos obrigam \u00e0 utiliza\u00e7\u00e3o de lubrificantes topo de gama formulados com aditivos espec\u00edficos e caracter\u00edsticas particulares, pelo que o uso de um lubrificante n\u00e3o<br \/>\nadequado poder\u00e1 p\u00f4r em risco o bom funcionamento e a manuten\u00e7\u00e3o destes sistemas. E por isso fundamental respeitar os per\u00edodos de muda de \u00f3leo e utilizar o lubrificante recomendado pelo fabricante do ve\u00edculo.<\/p>\n","protected":false},"excerpt":{"rendered":"<p>Galp Formula LS FE 5W30 1 Lt Lubrificante 100% sint\u00e9tico, mid-SAPS (teor reduzido em Cinzas Sulfatadas, F\u00f3sforo e Enxofre), destinado a motores de ve\u00edculos ligeiros a gasolina e diesel, em<\/p>\n","protected":false},"featured_media":21520,"comment_status":"closed","ping_status":"closed","template":"","meta":[],"product_brand":[],"product_cat":[19],"product_tag":[],"class_list":{"0":"post-21491","1":"product","2":"type-product","3":"status-publish","4":"has-post-thumbnail","6":"product_cat-ligeiros","8":"first","9":"instock","10":"taxable","11":"shipping-taxable","12":"purchasable","13":"product-type-simple"},"_links":{"self":[{"href":"https:\/\/santosdacunha.com\/lojalubrificantes\/wp-json\/wp\/v2\/product\/21491","targetHints":{"allow":["GET"]}}],"collection":[{"href":"https:\/\/santosdacunha.com\/lojalubrificantes\/wp-json\/wp\/v2\/product"}],"about":[{"href":"https:\/\/santosdacunha.com\/lojalubrificantes\/wp-json\/wp\/v2\/types\/product"}],"replies":[{"embeddable":true,"href":"https:\/\/santosdacunha.com\/lojalubrificantes\/wp-json\/wp\/v2\/comments?post=21491"}],"wp:featuredmedia":[{"embeddable":true,"href":"https:\/\/santosdacunha.com\/lojalubrificantes\/wp-json\/wp\/v2\/media\/21520"}],"wp:attachment":[{"href":"https:\/\/santosdacunha.com\/lojalubrificantes\/wp-json\/wp\/v2\/media?parent=21491"}],"wp:term":[{"taxonomy":"product_brand","embeddable":true,"href":"https:\/\/santosdacunha.com\/lojalubrificantes\/wp-json\/wp\/v2\/product_brand?post=21491"},{"taxonomy":"product_cat","embeddable":true,"href":"https:\/\/santosdacunha.com\/lojalubrificantes\/wp-json\/wp\/v2\/product_cat?post=21491"},{"taxonomy":"product_tag","embeddable":true,"href":"https:\/\/santosdacunha.com\/lojalubrificantes\/wp-json\/wp\/v2\/product_tag?post=21491"}],"curies":[{"name":"wp","href":"https:\/\/api.w.org\/{rel}","templated":true}]}}