{"id":22267,"date":"2023-04-28T11:52:51","date_gmt":"2023-04-28T11:52:51","guid":{"rendered":"https:\/\/santosdacunha.com\/lojalubrificantes\/?post_type=product&#038;p=22267"},"modified":"2025-07-16T20:11:07","modified_gmt":"2025-07-16T20:11:07","slug":"bomba-oleo-pneumatica-51-940mm","status":"publish","type":"product","link":"https:\/\/santosdacunha.com\/lojalubrificantes\/produto\/bomba-oleo-pneumatica-51-940mm\/","title":{"rendered":"Bomba \u00d3leo Pneum\u00e1tica 5:1 940mm"},"content":{"rendered":"<p>Bomba \u00d3leo Pneum\u00e1tica 5:1 940mm<\/p>\n<p>Caracter\u00edsticas:<br \/>\nComprimento: 940mm<br \/>\nRela\u00e7\u00e3o de compress\u00e3o: 5:1<br \/>\nLiga\u00e7\u00e3o de entrada de ar: F1\/4&#8243; G<br \/>\nLiga\u00e7\u00e3o de sa\u00edda de \u00f3leo: M1\/2&#8243; G<br \/>\nPress\u00e3o de trabalho: 8bar<br \/>\nPress\u00e3o m\u00e1x. de fluxo: 40bar<br \/>\nConsumo de ar: 125L\/min<br \/>\nCapacidade relativa: 14L\/min<br \/>\nDi\u00e2metro do tubo de suc\u00e7\u00e3o: 42mm<\/p>\n","protected":false},"excerpt":{"rendered":"<p>Bomba \u00d3leo Pneum\u00e1tica 5:1 940mm Caracter\u00edsticas: Comprimento: 940mm Rela\u00e7\u00e3o de compress\u00e3o: 5:1 Liga\u00e7\u00e3o de entrada de ar: F1\/4&#8243; G Liga\u00e7\u00e3o de sa\u00edda de \u00f3leo: M1\/2&#8243; G Press\u00e3o de trabalho: 8bar<\/p>\n","protected":false},"featured_media":22268,"comment_status":"closed","ping_status":"closed","template":"","meta":[],"product_brand":[],"product_cat":[37,44],"product_tag":[],"class_list":{"0":"post-22267","1":"product","2":"type-product","3":"status-publish","4":"has-post-thumbnail","6":"product_cat-acessorios","7":"product_cat-bomba-pneumatica-oleo","9":"first","10":"instock","11":"taxable","12":"shipping-taxable","13":"purchasable","14":"product-type-simple"},"_links":{"self":[{"href":"https:\/\/santosdacunha.com\/lojalubrificantes\/wp-json\/wp\/v2\/product\/22267","targetHints":{"allow":["GET"]}}],"collection":[{"href":"https:\/\/santosdacunha.com\/lojalubrificantes\/wp-json\/wp\/v2\/product"}],"about":[{"href":"https:\/\/santosdacunha.com\/lojalubrificantes\/wp-json\/wp\/v2\/types\/product"}],"replies":[{"embeddable":true,"href":"https:\/\/santosdacunha.com\/lojalubrificantes\/wp-json\/wp\/v2\/comments?post=22267"}],"wp:featuredmedia":[{"embeddable":true,"href":"https:\/\/santosdacunha.com\/lojalubrificantes\/wp-json\/wp\/v2\/media\/22268"}],"wp:attachment":[{"href":"https:\/\/santosdacunha.com\/lojalubrificantes\/wp-json\/wp\/v2\/media?parent=22267"}],"wp:term":[{"taxonomy":"product_brand","embeddable":true,"href":"https:\/\/santosdacunha.com\/lojalubrificantes\/wp-json\/wp\/v2\/product_brand?post=22267"},{"taxonomy":"product_cat","embeddable":true,"href":"https:\/\/santosdacunha.com\/lojalubrificantes\/wp-json\/wp\/v2\/product_cat?post=22267"},{"taxonomy":"product_tag","embeddable":true,"href":"https:\/\/santosdacunha.com\/lojalubrificantes\/wp-json\/wp\/v2\/product_tag?post=22267"}],"curies":[{"name":"wp","href":"https:\/\/api.w.org\/{rel}","templated":true}]}}