{"id":22288,"date":"2023-04-28T12:14:52","date_gmt":"2023-04-28T12:14:52","guid":{"rendered":"https:\/\/santosdacunha.com\/lojalubrificantes\/?post_type=product&#038;p=22288"},"modified":"2025-07-16T19:57:31","modified_gmt":"2025-07-16T19:57:31","slug":"kit-bomba-oleo-51-pneumatica-com-trolley-180-220kg","status":"publish","type":"product","link":"https:\/\/santosdacunha.com\/lojalubrificantes\/produto\/kit-bomba-oleo-51-pneumatica-com-trolley-180-220kg\/","title":{"rendered":"Kit Bomba \u00d3leo 5:1 Pneum\u00e1tica com Trolley 180-220kg"},"content":{"rendered":"<p>Kit Bomba \u00d3leo 5:1 Pneum\u00e1tica com Trolley 180-220kg<\/p>\n<p>Caracter\u00edsticas pistola medidora \u00f3leo:<br \/>\nTaxa de fluxo: 0-35L\/m<br \/>\nPress\u00e3o operacional (m\u00e1xima): 1500psi\/100bar<br \/>\nTemperatura de trabalho: -10\u00b0C-+50\u00b0C<br \/>\nPrecis\u00e3o: \u00b10,3%<br \/>\nViscosidade aplicada do flu\u00eddo: 8-5000mPas<br \/>\nEcr\u00e3 LCD de 5 D\u00edgitos<br \/>\nLiga\u00e7\u00f5es de entrada e sa\u00edda GNP 1\/2&#8242;<\/p>\n<p>Caracter\u00edsticas bomba \u00f3leo:<br \/>\nRela\u00e7\u00e3o de compress\u00e3o: 5:1<br \/>\nPress\u00e3o operacional (bar\/psi): 5-8bar\/70-115psi<br \/>\nConsumo de ar (L\/min): 125L\/min<br \/>\nCapacidade (L\/m): 14L\/min<br \/>\nDi\u00e2metro do tubo (mm\/polegada): 42mm\/1.65inch<br \/>\nComprimento do tubo de aspira\u00e7\u00e3o (mm\/polegada): 940mm\/37inch<br \/>\nLiga\u00e7\u00e3o de entrada de ar: 1\/4&#8243; ficha r\u00e1pida \/ 1\/4&#8243; NPT Feminino<br \/>\nLiga\u00e7\u00e3o de entrega de \u00f3leo: Masculino 1\/2&#8243;<br \/>\n\u00d3leo de temperatura entregue: 240SAE<br \/>\n\u00d3leo de temperatura entregue: -10~50\u00b0C<br \/>\nN\u00edvel de ru\u00eddo (dB): 82dB<\/p>\n","protected":false},"excerpt":{"rendered":"<p>Kit Bomba \u00d3leo 5:1 Pneum\u00e1tica com Trolley 180-220kg Caracter\u00edsticas pistola medidora \u00f3leo: Taxa de fluxo: 0-35L\/m Press\u00e3o operacional (m\u00e1xima): 1500psi\/100bar Temperatura de trabalho: -10\u00b0C-+50\u00b0C Precis\u00e3o: \u00b10,3% Viscosidade aplicada do flu\u00eddo:<\/p>\n","protected":false},"featured_media":22289,"comment_status":"closed","ping_status":"closed","template":"","meta":[],"product_brand":[],"product_cat":[37,47],"product_tag":[],"class_list":{"0":"post-22288","1":"product","2":"type-product","3":"status-publish","4":"has-post-thumbnail","6":"product_cat-acessorios","7":"product_cat-bombas-de-massa","9":"first","10":"instock","11":"taxable","12":"shipping-taxable","13":"purchasable","14":"product-type-simple"},"_links":{"self":[{"href":"https:\/\/santosdacunha.com\/lojalubrificantes\/wp-json\/wp\/v2\/product\/22288","targetHints":{"allow":["GET"]}}],"collection":[{"href":"https:\/\/santosdacunha.com\/lojalubrificantes\/wp-json\/wp\/v2\/product"}],"about":[{"href":"https:\/\/santosdacunha.com\/lojalubrificantes\/wp-json\/wp\/v2\/types\/product"}],"replies":[{"embeddable":true,"href":"https:\/\/santosdacunha.com\/lojalubrificantes\/wp-json\/wp\/v2\/comments?post=22288"}],"wp:featuredmedia":[{"embeddable":true,"href":"https:\/\/santosdacunha.com\/lojalubrificantes\/wp-json\/wp\/v2\/media\/22289"}],"wp:attachment":[{"href":"https:\/\/santosdacunha.com\/lojalubrificantes\/wp-json\/wp\/v2\/media?parent=22288"}],"wp:term":[{"taxonomy":"product_brand","embeddable":true,"href":"https:\/\/santosdacunha.com\/lojalubrificantes\/wp-json\/wp\/v2\/product_brand?post=22288"},{"taxonomy":"product_cat","embeddable":true,"href":"https:\/\/santosdacunha.com\/lojalubrificantes\/wp-json\/wp\/v2\/product_cat?post=22288"},{"taxonomy":"product_tag","embeddable":true,"href":"https:\/\/santosdacunha.com\/lojalubrificantes\/wp-json\/wp\/v2\/product_tag?post=22288"}],"curies":[{"name":"wp","href":"https:\/\/api.w.org\/{rel}","templated":true}]}}