{"id":945,"date":"2023-10-11T09:27:45","date_gmt":"2023-10-11T09:27:45","guid":{"rendered":"https:\/\/santosdacunha.com\/sc6\/?page_id=945"},"modified":"2024-01-15T19:43:08","modified_gmt":"2024-01-15T19:43:08","slug":"contactos","status":"publish","type":"page","link":"https:\/\/santosdacunha.com\/sc6\/contactos\/","title":{"rendered":"Contactos"},"content":{"rendered":"<div class=\"wpb-content-wrapper\"><p>[vc_row][vc_column][dfd_spacer screen_wide_spacer_size=&#8221;100&#8243; screen_normal_resolution=&#8221;1024&#8243; screen_tablet_resolution=&#8221;800&#8243; screen_mobile_resolution=&#8221;480&#8243; screen_mobile_spacer_size=&#8221;0&#8243;][\/vc_column][\/vc_row][vc_row][vc_column width=&#8221;1\/2&#8243; dfd_column_responsive_enable=&#8221;dfd-column-responsive-enable&#8221; col_shadow=&#8221;box_shadow_enable:disable|shadow_horizontal:0|shadow_vertical:15|shadow_blur:50|shadow_spread:0|box_shadow_color:rgba(0%2C0%2C0%2C0.35)&#8221; col_shadow_hover=&#8221;box_shadow_enable:disable|shadow_horizontal:0|shadow_vertical:15|shadow_blur:50|shadow_spread:0|box_shadow_color:rgba(0%2C0%2C0%2C0.35)&#8221; responsive_styles=&#8221;padding_left_mobile:5|padding_right_mobile:5&#8243; offset=&#8221;vc_hidden-sm vc_hidden-xs&#8221;][dfd_heading subtitle=&#8221;&#8221; content_alignment=&#8221;text-left&#8221; enable_delimiter=&#8221;&#8221; undefined=&#8221;&#8221; title_font_options=&#8221;tag:h2|font_size:20|line_height:25&#8243; subtitle_font_options=&#8221;tag:div&#8221;]Fale connosco ainda hoje.<br \/>\nComo podemos ajudar?[\/dfd_heading][dfd_spacer screen_wide_spacer_size=&#8221;40&#8243; screen_normal_resolution=&#8221;1024&#8243; screen_tablet_resolution=&#8221;800&#8243; screen_mobile_resolution=&#8221;480&#8243; screen_mobile_spacer_size=&#8221;20&#8243;][vc_column_text]Poder\u00e1 deixar-nos aqui a sua opini\u00e3o pois \u00e9 muito importante para n\u00f3s ou esclare\u00e7a todas as suas d\u00favidas sobre os nossos produtos, servi\u00e7os, postos de abastecimento ou combust\u00edveis de \u00faltima gera\u00e7\u00e3o. Somos uma empresa certificada pelo ISO 9001. Dispomos de uma equipa especializada dispon\u00edvel para o ajudar a esclarecer todas as suas d\u00favidas. Proporcionamos-lhe produtos e servi\u00e7os de elevada qualidade, em espa\u00e7os agrad\u00e1veis e funcionais. As lojas Galp representam hoje o futuro das lojas de conveni\u00eancia. Os nossos combust\u00edveis s\u00e3o de elevada qualidade e s\u00e3o testados nos mais conceituados laborat\u00f3rios europeus. Encontre na nossa loja Tangerina Caf\u00e9 um espa\u00e7o de cafetaria com saladas frescas, deliciosas sandwiches, sobremesas e muito mais neste ambiente de cafetaria, moderno e acolhedor. Visite-nos e conhe\u00e7a melhor os produtos e servi\u00e7os que temos para si.[\/vc_column_text][dfd_spacer screen_wide_spacer_size=&#8221;40&#8243; screen_normal_resolution=&#8221;1024&#8243; screen_tablet_resolution=&#8221;800&#8243; screen_mobile_resolution=&#8221;480&#8243;][vc_row_inner][vc_column_inner dfd_column_responsive_enable=&#8221;dfd-column-responsive-enable&#8221; col_inner_shadow=&#8221;box_shadow_enable:disable|shadow_horizontal:0|shadow_vertical:15|shadow_blur:50|shadow_spread:0|box_shadow_color:rgba(0%2C0%2C0%2C0.35)&#8221; col_inner_shadow_hover=&#8221;box_shadow_enable:disable|shadow_horizontal:0|shadow_vertical:15|shadow_blur:50|shadow_spread:0|box_shadow_color:rgba(0%2C0%2C0%2C0.35)&#8221; responsive_styles=&#8221;padding_left_desktop:5|padding_right_desktop:5&#8243;][dfd_heading subtitle=&#8221;&#8221; content_alignment=&#8221;text-left&#8221; enable_delimiter=&#8221;&#8221; undefined=&#8221;&#8221; title_font_options=&#8221;tag:h2|font_size:16&#8243; subtitle_font_options=&#8221;tag:div&#8221;]Sede[\/dfd_heading][dfd_spacer screen_wide_spacer_size=&#8221;20&#8243; screen_normal_resolution=&#8221;1024&#8243; screen_tablet_resolution=&#8221;800&#8243; screen_mobile_resolution=&#8221;480&#8243;][vc_column_text]Parque Industrial de Celeir\u00f3s,<br \/>\n2\u00aa Fase Lote D-Um<br \/>\n4705-414 Celeir\u00f3s Braga<br \/>\nRede Fixa Nacional: 253 605 780<br \/>\nRede Fixa Nacional | F: 253 605 789<br \/>\n<a href=\"mailto:sc6@santosdacunha.com\">sc6@santosdacunha.com<\/a>[\/vc_column_text][dfd_spacer screen_wide_spacer_size=&#8221;50&#8243; screen_normal_resolution=&#8221;1024&#8243; screen_tablet_resolution=&#8221;800&#8243; screen_mobile_resolution=&#8221;480&#8243; screen_mobile_spacer_size=&#8221;10&#8243;][\/vc_column_inner][\/vc_row_inner][\/vc_column][vc_column width=&#8221;1\/2&#8243; dfd_column_responsive_enable=&#8221;dfd-column-responsive-enable&#8221; col_shadow=&#8221;box_shadow_enable:disable|shadow_horizontal:0|shadow_vertical:15|shadow_blur:50|shadow_spread:0|box_shadow_color:rgba(0%2C0%2C0%2C0.35)&#8221; col_shadow_hover=&#8221;box_shadow_enable:disable|shadow_horizontal:0|shadow_vertical:15|shadow_blur:50|shadow_spread:0|box_shadow_color:rgba(0%2C0%2C0%2C0.35)&#8221; responsive_styles=&#8221;padding_left_mobile:5|padding_right_mobile:5&#8243; offset=&#8221;vc_hidden-sm vc_hidden-xs&#8221;][dfd_user_form input_background=&#8221;#ffffff&#8221; hover_style_input=&#8221;simple&#8221; show_label_text=&#8221;on&#8221; horiz_margin_btw_inputs=&#8221;10&#8243; button_border_width=&#8221;1&#8243; button_border_color=&#8221;#474747&#8243; button_border_color_on_hover=&#8221;#81d742&#8243; button_border_style=&#8221;solid&#8221; button_border_radius=&#8221;0&#8243; button_backgrond=&#8221;#ffffff&#8221; hover_button_backgrond=&#8221;#ffffff&#8221; button_color_text=&#8221;#afafaf&#8221; button_hover_color_text=&#8221;#81d742&#8243; btn_message=&#8221;ENVIAR MENSAGEM&#8221; btn_width=&#8221;dfd-third-size&#8221; use_recaptcha=&#8221;yes&#8221; recaptcha_publickey=&#8221;6LfDYIQUAAAAAICqYNZBh9ZqisugjASXxYtyJzZ-&#8221; recaptcha_privatekey=&#8221;6LfDYIQUAAAAALHRo7OMLhjGhm1CZarn-YqROH1_&#8221; email_to=&#8221;geral@art4youportugal.com, sc6@santosdacunha.com, carlapereira@santosdacunha.com&#8221; email_subject=&#8221;Contacto SC6&#8243; use_custom_layout=&#8221;on&#8221; layout_builder=&#8221;{1+}{&#8220;name&#8220;:&#8220;&#8220;,&#8220;presets&#8220;:{1+}{&#8220;name&#8220;:&#8220;col1&#8220;}{+1}},{&#8220;name&#8220;:&#8220;&#8220;,&#8220;presets&#8220;:{1+}{&#8220;name&#8220;:&#8220;add_col&#8220;}{+1}},{&#8220;name&#8220;:&#8220;&#8220;,&#8220;presets&#8220;:{1+}{&#8220;name&#8220;:&#8220;add_col&#8220;}{+1}},{&#8220;name&#8220;:&#8220;&#8220;,&#8220;presets&#8220;:{1+}{&#8220;name&#8220;:&#8220;add_col&#8220;}{+1}},{&#8220;name&#8220;:&#8220;&#8220;,&#8220;presets&#8220;:{1+}{&#8220;name&#8220;:&#8220;add_col&#8220;}{+1}},{&#8220;name&#8220;:&#8220;&#8220;,&#8220;presets&#8220;:{1+}{&#8220;name&#8220;:&#8220;add_col&#8220;}{+1}}{+1}&#8221; custom_template=&#8221;{&#8220;1-1&#8220;:{&#8220;text_name&#8220;:{&#8220;&#8220;:&#8220;&#8220;,&#8220;required-1&#8220;:&#8220;1&#8220;,&#8220;name&#8220;:&#8220;Nome*&#8220;}},&#8220;2-1&#8220;:{&#8220;telephone&#8220;:{&#8220;required-1&#8220;:&#8220;1&#8220;,&#8220;name&#8220;:&#8220;Contacto*&#8220;}},&#8220;3-1&#8220;:{&#8220;email&#8220;:{&#8220;name&#8220;:&#8220;Email*&#8220;,&#8220;akismet_comment_author_email-1&#8220;:&#8220;1&#8220;}},&#8220;4-1&#8220;:{&#8220;text_name&#8220;:{&#8220;required-1&#8220;:&#8220;1&#8220;,&#8220;name&#8220;:&#8220;Assunto*&#8220;,&#8220;akismet_comment_author-1&#8220;:&#8220;1&#8220;}},&#8220;5-1&#8220;:{&#8220;textarea_name&#8220;:{&#8220;required-1&#8220;:&#8220;1&#8220;,&#8220;name&#8220;:&#8220;Mensagem*&#8220;}},&#8220;6-1&#8220;:{&#8220;radio_name&#8220;:{&#8220;options&#8220;:&#8220; Autorizo a comunica\u00e7\u00e3o e utiliza\u00e7\u00e3o dos meus dados para a\u00e7\u00f5es de marketing da empresa Santos da Cunha 6 Log\u00edstica e Transportes, Lda.&#8220;}}}&#8221; borderwidth=&#8221;1&#8243; use_google_fonts_input=&#8221;yes&#8221; custom_fonts_input=&#8221;font_family:Open%20Sans%3A300%2C300italic%2Cregular%2Citalic%2C600%2C600italic%2C700%2C700italic%2C800%2C800italic|font_style:400%20regular%3A400%3Anormal&#8221;]De: <span id=\"available_fields_for_builder\">{{text_name-1-1}}<\/span><span id=\"available_fields_for_builder\"><br \/>\nContacto: {{telephone-2-1}}<br \/>\nEmail: {{email-3-1}}<br \/>\nAssunto: {{text_name-4-1}}<br \/>\nMensagem: {{textarea_name-5-1}}<br \/>\n{{radio_name-6-1}}<\/span><\/p>\n<p>Esta mensagem foi enviada atrav\u00e9s do site Santos da Cunha 6 Log\u00edstica e Transportes, Lda.[\/dfd_user_form][\/vc_column][\/vc_row][vc_row][vc_column width=&#8221;1\/2&#8243; dfd_column_responsive_enable=&#8221;dfd-column-responsive-enable&#8221; col_shadow=&#8221;box_shadow_enable:disable|shadow_horizontal:0|shadow_vertical:15|shadow_blur:50|shadow_spread:0|box_shadow_color:rgba(0%2C0%2C0%2C0.35)&#8221; col_shadow_hover=&#8221;box_shadow_enable:disable|shadow_horizontal:0|shadow_vertical:15|shadow_blur:50|shadow_spread:0|box_shadow_color:rgba(0%2C0%2C0%2C0.35)&#8221; responsive_styles=&#8221;padding_left_mobile:5|padding_right_mobile:5&#8243; offset=&#8221;vc_hidden-lg vc_hidden-md&#8221;][dfd_heading subtitle=&#8221;&#8221; content_alignment=&#8221;text-left&#8221; enable_delimiter=&#8221;&#8221; undefined=&#8221;&#8221; title_font_options=&#8221;tag:h2|font_size:20|line_height:25&#8243; subtitle_font_options=&#8221;tag:div&#8221;]Fale connosco ainda hoje.<br \/>\nComo podemos ajudar?[\/dfd_heading][dfd_spacer screen_wide_spacer_size=&#8221;40&#8243; screen_normal_resolution=&#8221;1024&#8243; screen_tablet_resolution=&#8221;800&#8243; screen_mobile_resolution=&#8221;480&#8243; screen_mobile_spacer_size=&#8221;20&#8243;][vc_column_text]Poder\u00e1 deixar-nos aqui a sua opini\u00e3o pois \u00e9 muito importante para n\u00f3s ou esclare\u00e7a todas as suas d\u00favidas sobre os nossos produtos, servi\u00e7os, postos de abastecimento ou combust\u00edveis de \u00faltima gera\u00e7\u00e3o. Somos uma empresa certificada pelo ISO 9001. Dispomos de uma equipa especializada dispon\u00edvel para o ajudar a esclarecer todas as suas d\u00favidas. Proporcionamos-lhe produtos e servi\u00e7os de elevada qualidade, em espa\u00e7os agrad\u00e1veis e funcionais. As lojas Galp representam hoje o futuro das lojas de conveni\u00eancia. Os nossos combust\u00edveis s\u00e3o de elevada qualidade e s\u00e3o testados nos mais conceituados laborat\u00f3rios europeus. Encontre na nossa loja Tangerina Caf\u00e9 um espa\u00e7o de cafetaria com saladas frescas, deliciosas sandwiches, sobremesas e muito mais neste ambiente de cafetaria, moderno e acolhedor. Visite-nos e conhe\u00e7a melhor os produtos e servi\u00e7os que temos para si.[\/vc_column_text][dfd_spacer screen_wide_spacer_size=&#8221;40&#8243; screen_normal_resolution=&#8221;1024&#8243; screen_tablet_resolution=&#8221;800&#8243; screen_mobile_resolution=&#8221;480&#8243;][vc_row_inner][vc_column_inner dfd_column_responsive_enable=&#8221;dfd-column-responsive-enable&#8221; col_inner_shadow=&#8221;box_shadow_enable:disable|shadow_horizontal:0|shadow_vertical:15|shadow_blur:50|shadow_spread:0|box_shadow_color:rgba(0%2C0%2C0%2C0.35)&#8221; col_inner_shadow_hover=&#8221;box_shadow_enable:disable|shadow_horizontal:0|shadow_vertical:15|shadow_blur:50|shadow_spread:0|box_shadow_color:rgba(0%2C0%2C0%2C0.35)&#8221; responsive_styles=&#8221;padding_left_desktop:5|padding_right_desktop:5&#8243;][dfd_heading subtitle=&#8221;&#8221; content_alignment=&#8221;text-left&#8221; enable_delimiter=&#8221;&#8221; undefined=&#8221;&#8221; title_font_options=&#8221;tag:h2|font_size:16&#8243; subtitle_font_options=&#8221;tag:div&#8221;]Sede[\/dfd_heading][dfd_spacer screen_wide_spacer_size=&#8221;20&#8243; screen_normal_resolution=&#8221;1024&#8243; screen_tablet_resolution=&#8221;800&#8243; screen_mobile_resolution=&#8221;480&#8243;][vc_column_text]Parque Industrial de Celeir\u00f3s,<br \/>\n2\u00aa Fase Lote D-Um<br \/>\n4705-414 Celeir\u00f3s Braga<br \/>\nRede Fixa Nacional: 253 605 780<br \/>\nRede Fixa Nacional | F: 253 605 789<br \/>\n<a href=\"mailto:sc6@santosdacunha.com\">sc6@santosdacunha.com<\/a>[\/vc_column_text][dfd_spacer screen_wide_spacer_size=&#8221;50&#8243; screen_normal_resolution=&#8221;1024&#8243; screen_tablet_resolution=&#8221;800&#8243; screen_mobile_resolution=&#8221;480&#8243; screen_mobile_spacer_size=&#8221;10&#8243;][\/vc_column_inner][\/vc_row_inner][\/vc_column][vc_column width=&#8221;1\/2&#8243; dfd_column_responsive_enable=&#8221;dfd-column-responsive-enable&#8221; col_shadow=&#8221;box_shadow_enable:disable|shadow_horizontal:0|shadow_vertical:15|shadow_blur:50|shadow_spread:0|box_shadow_color:rgba(0%2C0%2C0%2C0.35)&#8221; col_shadow_hover=&#8221;box_shadow_enable:disable|shadow_horizontal:0|shadow_vertical:15|shadow_blur:50|shadow_spread:0|box_shadow_color:rgba(0%2C0%2C0%2C0.35)&#8221; responsive_styles=&#8221;padding_left_mobile:5|padding_right_mobile:5&#8243; offset=&#8221;vc_hidden-lg vc_hidden-md&#8221;][dfd_spacer screen_wide_spacer_size=&#8221;&#8221; screen_normal_resolution=&#8221;1024&#8243; screen_tablet_resolution=&#8221;800&#8243; screen_mobile_resolution=&#8221;480&#8243; screen_mobile_spacer_size=&#8221;20&#8243;][dfd_user_form input_background=&#8221;#ffffff&#8221; hover_style_input=&#8221;simple&#8221; show_label_text=&#8221;on&#8221; horiz_margin_btw_inputs=&#8221;10&#8243; button_border_width=&#8221;1&#8243; button_border_color=&#8221;#474747&#8243; button_border_color_on_hover=&#8221;#81d742&#8243; button_border_style=&#8221;solid&#8221; button_border_radius=&#8221;0&#8243; button_backgrond=&#8221;#ffffff&#8221; hover_button_backgrond=&#8221;#ffffff&#8221; button_color_text=&#8221;#afafaf&#8221; button_hover_color_text=&#8221;#81d742&#8243; btn_message=&#8221;ENVIAR MENSAGEM&#8221; btn_width=&#8221;dfd-third-size&#8221; email_to=&#8221;geral@art4youportugal.com, sc6@santosdacunha.com&#8221; email_subject=&#8221;Contacto SC6&#8243; use_custom_layout=&#8221;on&#8221; layout_builder=&#8221;{1+}{&#8220;name&#8220;:&#8220;&#8220;,&#8220;presets&#8220;:{1+}{&#8220;name&#8220;:&#8220;col1&#8220;}{+1}},{&#8220;name&#8220;:&#8220;&#8220;,&#8220;presets&#8220;:{1+}{&#8220;name&#8220;:&#8220;add_col&#8220;}{+1}},{&#8220;name&#8220;:&#8220;&#8220;,&#8220;presets&#8220;:{1+}{&#8220;name&#8220;:&#8220;add_col&#8220;}{+1}},{&#8220;name&#8220;:&#8220;&#8220;,&#8220;presets&#8220;:{1+}{&#8220;name&#8220;:&#8220;add_col&#8220;}{+1}},{&#8220;name&#8220;:&#8220;&#8220;,&#8220;presets&#8220;:{1+}{&#8220;name&#8220;:&#8220;add_col&#8220;}{+1}},{&#8220;name&#8220;:&#8220;&#8220;,&#8220;presets&#8220;:{1+}{&#8220;name&#8220;:&#8220;add_col&#8220;}{+1}}{+1}&#8221; custom_template=&#8221;{&#8220;1-1&#8220;:{&#8220;text_name&#8220;:{&#8220;&#8220;:&#8220;&#8220;,&#8220;required-1&#8220;:&#8220;1&#8220;,&#8220;name&#8220;:&#8220;Nome*&#8220;}},&#8220;2-1&#8220;:{&#8220;telephone&#8220;:{&#8220;required-1&#8220;:&#8220;1&#8220;,&#8220;name&#8220;:&#8220;Contacto*&#8220;}},&#8220;3-1&#8220;:{&#8220;email&#8220;:{&#8220;name&#8220;:&#8220;Email*&#8220;,&#8220;akismet_comment_author_email-1&#8220;:&#8220;1&#8220;}},&#8220;4-1&#8220;:{&#8220;text_name&#8220;:{&#8220;required-1&#8220;:&#8220;1&#8220;,&#8220;name&#8220;:&#8220;Assunto*&#8220;,&#8220;akismet_comment_author-1&#8220;:&#8220;1&#8220;}},&#8220;5-1&#8220;:{&#8220;textarea_name&#8220;:{&#8220;required-1&#8220;:&#8220;1&#8220;,&#8220;name&#8220;:&#8220;Mensagem*&#8220;}},&#8220;6-1&#8220;:{&#8220;radio_name&#8220;:{&#8220;options&#8220;:&#8220; Autorizo a comunica\u00e7\u00e3o e utiliza\u00e7\u00e3o dos meus dados para a\u00e7\u00f5es de marketing da empresa Santos da Cunha 6 Log\u00edstica e Transportes, Lda.&#8220;}}}&#8221; borderwidth=&#8221;1&#8243; use_google_fonts_input=&#8221;yes&#8221; custom_fonts_input=&#8221;font_family:Open%20Sans%3A300%2C300italic%2Cregular%2Citalic%2C600%2C600italic%2C700%2C700italic%2C800%2C800italic|font_style:400%20regular%3A400%3Anormal&#8221;]De: <span id=\"available_fields_for_builder\">{{text_name-1-1}}<\/span><span id=\"available_fields_for_builder\"><br \/>\nContacto: {{telephone-2-1}}<br \/>\nEmail: {{email-3-1}}<br \/>\nAssunto: {{text_name-4-1}}<br \/>\nMensagem: {{textarea_name-5-1}}<br \/>\n{{radio_name-6-1}}<\/span><\/p>\n<p>Esta mensagem foi enviada atrav\u00e9s do site Santos da Cunha 6 Log\u00edstica e Transportes, Lda.[\/dfd_user_form][\/vc_column][\/vc_row][vc_row][vc_column][dfd_spacer screen_wide_spacer_size=&#8221;50&#8243; screen_normal_resolution=&#8221;1024&#8243; screen_tablet_resolution=&#8221;800&#8243; screen_mobile_resolution=&#8221;480&#8243;][\/vc_column][\/vc_row][vc_row][vc_column dfd_column_responsive_enable=&#8221;dfd-column-responsive-enable&#8221; col_shadow=&#8221;box_shadow_enable:disable|shadow_horizontal:0|shadow_vertical:15|shadow_blur:50|shadow_spread:0|box_shadow_color:rgba(0%2C0%2C0%2C0.35)&#8221; col_shadow_hover=&#8221;box_shadow_enable:disable|shadow_horizontal:0|shadow_vertical:15|shadow_blur:50|shadow_spread:0|box_shadow_color:rgba(0%2C0%2C0%2C0.35)&#8221; responsive_styles=&#8221;padding_left_mobile:5|padding_right_mobile:5&#8243;][dfd_heading subtitle=&#8221;&#8221; content_alignment=&#8221;text-left&#8221; enable_delimiter=&#8221;&#8221; undefined=&#8221;&#8221; title_font_options=&#8221;tag:h2|font_size:20&#8243; subtitle_font_options=&#8221;tag:div&#8221;]Onde Estamos[\/dfd_heading][\/vc_column][\/vc_row][vc_row][vc_column][dfd_spacer screen_wide_spacer_size=&#8221;50&#8243; screen_normal_resolution=&#8221;1024&#8243; screen_tablet_resolution=&#8221;800&#8243; screen_mobile_resolution=&#8221;480&#8243; screen_mobile_spacer_size=&#8221;10&#8243;][\/vc_column][\/vc_row][vc_row dfd_row_config=&#8221;full_width_content&#8221;][vc_column][dfd_google_map location_list=&#8221;%5B%7B%22show_tooltip%22%3A%22marker%22%2C%22tooltip_show_setting%22%3A%22show_onclick%22%2C%22marker_location%22%3A%22Parque%20Industrial%20de%20Celeir%C3%B3s%2C%202%C2%AA%20Fase%20Lote%20D-Um%5Cn4705-414%20Celeir%C3%B3s%20Braga%22%2C%22title_marker_content%22%3A%22Santos%20da%20Cunha%206%2C%20Lda.%22%2C%22location_list2%22%3A%22%255B%257B%257D%255D%22%2C%22marker_image%22%3A%2233%22%7D%5D&#8221; x_pan=&#8221;0&#8243; y_pan=&#8221;0&#8243; size=&#8221;600&#8243;][\/vc_column][\/vc_row]<\/p>\n<\/div>","protected":false},"excerpt":{"rendered":"<p>[vc_row][vc_column][dfd_spacer screen_wide_spacer_size=&#8221;100&#8243; screen_normal_resolution=&#8221;1024&#8243; screen_tablet_resolution=&#8221;800&#8243; screen_mobile_resolution=&#8221;480&#8243; screen_mobile_spacer_size=&#8221;0&#8243;][\/vc_column][\/vc_row][vc_row][vc_column width=&#8221;1\/2&#8243; dfd_column_responsive_enable=&#8221;dfd-column-responsive-enable&#8221; col_shadow=&#8221;box_shadow_enable:disable|shadow_horizontal:0|shadow_vertical:15|shadow_blur:50|shadow_spread:0|box_shadow_color:rgba(0%2C0%2C0%2C0.35)&#8221; col_shadow_hover=&#8221;box_shadow_enable:disable|shadow_horizontal:0|shadow_vertical:15|shadow_blur:50|shadow_spread:0|box_shadow_color:rgba(0%2C0%2C0%2C0.35)&#8221; responsive_styles=&#8221;padding_left_mobile:5|padding_right_mobile:5&#8243; offset=&#8221;vc_hidden-sm vc_hidden-xs&#8221;][dfd_heading subtitle=&#8221;&#8221; content_alignment=&#8221;text-left&#8221; enable_delimiter=&#8221;&#8221; undefined=&#8221;&#8221; title_font_options=&#8221;tag:h2|font_size:20|line_height:25&#8243; subtitle_font_options=&#8221;tag:div&#8221;]Fale connosco ainda hoje. Como podemos ajudar?[\/dfd_heading][dfd_spacer screen_wide_spacer_size=&#8221;40&#8243; screen_normal_resolution=&#8221;1024&#8243; screen_tablet_resolution=&#8221;800&#8243; screen_mobile_resolution=&#8221;480&#8243; screen_mobile_spacer_size=&#8221;20&#8243;][vc_column_text]Poder\u00e1<\/p>\n","protected":false},"author":1,"featured_media":0,"parent":0,"menu_order":0,"comment_status":"closed","ping_status":"closed","template":"","meta":{"footnotes":""},"class_list":["post-945","page","type-page","status-publish","hentry"],"_links":{"self":[{"href":"https:\/\/santosdacunha.com\/sc6\/wp-json\/wp\/v2\/pages\/945","targetHints":{"allow":["GET"]}}],"collection":[{"href":"https:\/\/santosdacunha.com\/sc6\/wp-json\/wp\/v2\/pages"}],"about":[{"href":"https:\/\/santosdacunha.com\/sc6\/wp-json\/wp\/v2\/types\/page"}],"author":[{"embeddable":true,"href":"https:\/\/santosdacunha.com\/sc6\/wp-json\/wp\/v2\/users\/1"}],"replies":[{"embeddable":true,"href":"https:\/\/santosdacunha.com\/sc6\/wp-json\/wp\/v2\/comments?post=945"}],"version-history":[{"count":3,"href":"https:\/\/santosdacunha.com\/sc6\/wp-json\/wp\/v2\/pages\/945\/revisions"}],"predecessor-version":[{"id":985,"href":"https:\/\/santosdacunha.com\/sc6\/wp-json\/wp\/v2\/pages\/945\/revisions\/985"}],"wp:attachment":[{"href":"https:\/\/santosdacunha.com\/sc6\/wp-json\/wp\/v2\/media?parent=945"}],"curies":[{"name":"wp","href":"https:\/\/api.w.org\/{rel}","templated":true}]}}